te (11 - (-1 + 0 - -22)) + 13.
3
Calculate 14 - (6 - (-1 + 3)).
10
Evaluate 66 + -65 + (0 - -9 - 0).
10
1 + 4 + ((-1 - -4) + 2 - 1)
9
What is the value of 12 + (16 - 19) + (-4 - 6) + -3?
-4
Calculate 4 - (-5 - -2) - (233 + -239).
13
What is the value of -4 + -5 + 9 + -1 + 3 + -15?
-13
Calculate 0 - (4 - (6 - 5) - (13 - -7)).
17
Calculate 14 + -1 + 13 + (-5 - (2 + -2)).
21
What is 9 + 4 + 4 + -10?
7
Evaluate 14 + -42 + 34 + -24 + -1 + 1.
-18
6 - ((58 - 50) + (7 - 3))
-6
What is -2 - (8 - (6 + -8))?
-12
Evaluate (-2 - 8) + 20 - (-5 - -21).
-6
-1 + 12 + -2 + 3
12
What is 3 - (-3 + -7 - -28)?
-15
What is the value of -883 + 846 + -1 + 11 + -1 + 0?
-28
Evaluate 2 - -8 - 1 - 15.
-6
Calculate (4 - -8) + -2 + (-12 - -9).
7
What is the value of (-14 + -3 - -13) + (7 - -1)?
4
Calculate (-23 - -9) + -6 + 27.
7
What is the value of (47 - 27 - -33) + -24?
29
-5 - (6 + -6 - (7 + -8)) - 4
-10
Evaluate -10 + (5 - 6) + (29 - 8).
10
What is the value of 27 - -1 - (-421 + 432)?
17
3 - -5 - (0 + -15 - (18 + -26))
15
1597 + -1609 + (-2 - 0) + 0
-14
What is -19 + 35 - 6 - (0 - -3)?
7
What is 27 - (51 - 25) - (1 - 0)?
0
What is the value of (-1 - -2) + 5 + 88 + (-80 - 9)?
5
What is the value of -3 + -19 + 15 + (1 - 4)?
-10
What is the value of -45 + 28 + (5 - 23)?
-35
What is (22 + -47 - -100) + -36?
39
Evaluate -30 + 38 + -4 + (0 - 4).
0
Calculate -60 - (-43 - (-42 - -40)).
-19
What is the value of 7 - (-3 - ((-4 - (17 + -5)) + 8))?
2
What is the value of 39 + -12 + (8 - 19)?
16
Calculate (-6 - -8) + -7 - (1 + 12 + -24).
6
Calculate -38 + 2 + 60 + -52 + (-4 - -1).
-31
What is 0 + 2 - ((15 - (9 - 8)) + -24)?
12
What is 13 + -4 + 17 + -7 - (-36 - -42)?
13
What is the value of 7 + 14 - (2 + -16 - -28)?
7
What is the value of -13 + (0 - 1 - (-2 + 21 + -18))?
-15
(1 + -4 - ((-3 - -22) + 1)) + 1
-22
What is the value of -3 + 25 + -7 + -15?
0
Calculate 25 + -16 - 5 - (2 + 0 - -2).
0
Evaluate 30 + (19 - 89) + 35.
-5
Calculate (0 - 25) + (-101 - -115).
-11
1 - 2 - -4 - (-83 - -79)
7
What is the value of (-37 - (-21 - 21)) + 30?
35
Calculate -5 + (8 - (-1 + 1)) + -5.
-2
What is (-20 - 2) + 17 + (-7 - 2)?
-14
What is the value of -2 + (1 - 2) + -65 + 54?
-14
What is the value of 12 + ((10 - 6) + -9 - (-5 + 0))?
12
Evaluate 10 + (3 + -1 - 7).
5
What is the value of -20 - -31 - (30 - (1 - -9))?
-9
Calculate (-7 - (15 - 12)) + -5.
-15
Evaluate (16 - 13) + -3 + 6 + -8 + 0.
-2
What is 12 + -9 - ((0 - 17) + (-4 - 2))?
26
What is the value of 1 + -1 + -21 + -2152 + 2148?
-25
Calculate 1 + -18 + (-120 - -161).
24
Calculate -6 + -12 + 7 + 29 + -8 + 0.
10
-1 + 2 + 6 + (9 + -6 - 1)
9
What is 18 - (4 + 20 + -10 + 14)?
-10
Evaluate 26 + -28 - (1 - 3).
0
Evaluate -3 + (31 - 39) + 1 + -2.
-12
What is -7 - (11 - (15 - (-3 - (19 + -11))))?
8
Evaluate -7 - (0 - -3) - (-46 - -8).
28
Evaluate 21 + -14 - -13 - 32.
-12
What is -3 + (10 - -4) - (1 - 8)?
18
What is (2 - 1) + -13 + 18?
6
Calculate (0 - 0) + 10 - (-5 + -2 + 4).
13
Evaluate 1 - (6 - 6) - ((22 - 11) + -13).
3
What is the value of -11 - (-10 + (7 - -6))?
-14
-1 - -15 - (-75 + 17 + 79)
-7
What is the value of -5 + (3 - 16) + 6?
-12
What is -1 + -10 + -10 + (19 - (24 + -7))?
-19
1 + 5 - ((-1 - 4) + -74 + 80)
5
Calculate 7 + 12 + 0 - 30.
-11
29 + -25 + -29 - (-11 - -3)
-17
What is 8 + 0 + -3 + -5 - (-3 + -6)?
9
Calculate 0 - (19 + (-21 - -8)).
-6
Calculate (0 - (-2 + 5)) + 240 + -254.
-17
Evaluate 47 + -50 + 7 + 3 + 0 - 3.
4
Evaluate -13 + -9 - -11 - (-9 + 2 + 3).
-7
Evaluate 10 - (6 - (9 - (6 - 2))).
9
Evaluate -37 + (10 - (5 + -37)).
5
Calculate 8 - (5 - (-5 + -13 + 4)).
-11
What is 40 + 8 + 29 + -52?
25
(-229 - -180) + 36 + -2
-15
5 - (58 + -29 - -4)
-28
What is 92 + -65 + -29 + 1?
-1
What is 1 + -8 - (1266 - 1252)?
-21
Evaluate 2 + -8 + 9 + -6 + (-5 - -7).
-1
What is the value of 3 - (-1 + (-4 - 3 - -11))?
0
What is the value of (4 - -1) + -3 + 4 + 1 + 14?
21
What is the value of (3 + (-7 - -6) - -1) + 2?
5
What is -7 - (0 - (-2 + 6 + -4) - 2)?
-5
Calculate ((-9 - -10 - -1) + 2 - 2) + -3.
-1
0 - (-4 + -22) - 13
13
Evaluate -1 + -13 - (77 + -85).
-6
What is the value of -3 - (5 - -4 - 14) - (-2 - 5)?
9
What is 11 - (22 + -20 + 3)?
6
What is (-9 - ((16 - 12) + -9)) + 17?
13
Calculate -17 + (-21 + 48 - 4).
6
What is the value of -13 - (-9 + -4 - -7)?
-7
What is the value of -10 + (-29 - -18) + (0 - -8)?
-13
What is the value of -10 + (14 - (18 - 5))?
-9
Calculate -9 - -7 - (2 - (-3 + 7) - 2).
2
Calculate 4 + 13 + -23 + (-4 - -19) + 5.
14
Calculate 1 - (1 - 0) - (-686 - -690).
-4
What is the value of 14 - (18 + (-17 - -10))?
3
Evaluate -2 + 5 - 5 - (-3 + (-3 - 6)).
10
(2 - (6 - ((7 - 1) + -6))) + -3
-7
What is -14 + 48 + -32 + (-6 - -1)?
-3
What is 9 - (23 - (11 - -20))?
17
Evaluate (0 - 25 - (21 - 14)) + (4 - -1).
-27
What is 2 - 5 - (10 + (-7 - -14 - 15))?
-5
What is (0 - 34) + (59 - (-31 - -84))?
-28
17 + -7 + 3 + -2 + (9 - 4)
16
Calculate 26 + -36 + 24 + -8 + 6.
12
37 - 5 - -6 - 21
17
Calculate -26 + 12 + -10 + 22.
-2
Calculate -5 - ((-2 - 0) + 9 + -18 + 11).
-5
What is the value of (11 - 22) + 5 - (3 + -4 + 0)?
-5
Calculate 572 + -571 + 18 + 1.
20
Evaluate 6 - (-46 + 54 - (2 - 10)).
-10
Evaluate 0 + 4 + (-3 - 2) + (-8 - -4).
-5
Calculate -11 - (7 + 2 + (3 - -4 - 12)).
-15
7 - ((-3 - -2) + 45 + -38)
1
Calculate 1 + -2 + -2 + 3 + (4 - 7).
-3
What is the value of -5 - (-2 + (8 - 4) - 3)?
-4
Evaluate (-8 - 5) + (-3 - ((-3 - -4) + 0)).
-17
0 - -6 - (12 - 61 - -56)
-1
Evaluate -1 + (2 - (6 - 11) - 3 - 10).
-7
Calculate 11 - 7 - ((-1 - -5) + -37 + 43).
-6
Calculate (-3 - -3 - 9) + -3 + 1 + 1.
-10
What is the value of (46 - 47) + -46 + 39?
-8
Calculate (10 + 4 - -1) + -7 - (-6 - -2).
12
What is -8 + 4 + 6 + -14 + -1?
-13
Evaluate -3 - (1 - -27 - (102 - 99)).
-28
Evaluate 11 - 9 - -6 - -3 - 36.
-25
What is the value of 0 - (2 - (17 + -8))?
7
What is -20 + -3 - -58 - 26?
9
-8 - (-3 + -8) - -4
7
What is (-5 + 0 - 5) + -9 + 21?
2
Evaluate -7 + (-1 - (-13 + 0)) + (-50 - -48).
3
What is the value of (-12 - -5 - (-7 - 0)) + -5?
-5
Calculate -11 + -19 + 12 + -2 + 4.
-16
Evaluate 0 + (-1 - -8) + 0 + (1683 - 1688).
2
Evaluate 58 + -11 + (-24 - 14).
9
-66 + 127 + -48 - (1 + 0 + -5)
17
What is the value of -1 - -2 - 0 - (60 + -62 + 1)?
2
8 + -6 - -21 - (-62 + 64)
21
Calculate -23 + (0 + 2 + -1 - (-84 - -93)).
-31
((3 - -44) + -41 + 36 - 10) + -4
28
Calculate 0 + (-6 + 4 + 4 + 2 - 5).
-1
Calculate -10 + (18 - -23 - 21).
10
What is (-22 - -24) + -2 + 3 + -15?
-12
What is the value of 1 + -4 + -29 + (-3 - -26)?
-9
(9 - 11) + 3 + -3
-2
1 + -6 - (-17 + 5 + (7 - 15))
15
What is the value of (-10 - -15) + 7 - (-3 - (24 - 4))?
35
What is 6 - (-12 + 15) - (-4 - -1)?
6
Calculate 2 + -13 + (5 - 6) - -7.
-5
What is -23 + 34 + (13 - 29)?
-5
What is the value of 1 + 32 - (42 - 17)?
8
0 + (9 - (-4 + 6)) - 16
-9
Evaluate (4 - (3 + 3)) + (-9 - -33) + -7.
15
What is the value of (1 - 6) + (3 - (5 + (-11 - 0)))?
4
Calculate -2 + -1 + 22 + (4 - (-4 + 9)).
18
Evaluate 29 - (-1 + -2 + 53 + -48 - -5).
22
What is the value of -2 + (0 - ((-4 - -5) + -6 - -4))?
-1
1 + -5 - (-7 - -15) - -2
-10
What is (-14 - (-9 - 7 - -8)) + 18 - -6?
18
What is the value of (-3 - 41) + (93 - 62)?
-13
-102 + 110 + (1 - 1)
8
Calculate -33 - (-3 - 14) - -21.
5
What is 8 - (13 + -4 + 11)?
-12
Calculate -38 + (51 - 17) + -7.
-11
What is 10 + (-37 - -19) + -3?
-11
What is the value of (-35 - -33) + -7 + (1 + -1 - -2)?
-7
What is the value of 9 + -16 - (-2 + -9)?
4
What is -6 + -2 - (-68 - -59)?
1
What is 149 + (-2 - 156) - ((1 - 11) + -1)?
2
55 + (-19 - -10) - 20
26
What is 8 - ((-9 - (6 + -18)) + -4)?
9
-7 + (-1 - (1 - (9 - 3))) + -9
-12
8 + 0 + -10 + (3 - 14) + 16
3
What is the value of -9 + 7 + 3 + -2 - (-6 + 3)?
2
What is the value of -51 + (118 - 60) - (-1 - 2)?
10
What is the value of -17 + 14 + -10 + 12 - (-1 + 11)?
-11
Calculate (-5 - (-6 - -8) - (-13 - 0)) + -9.
-3
Calculate -8 + (-3 - -3) + 4 + (-73 - -82).
5
What is the value of 20 + -31 + (-27 - -43)?
5
Calculate 9 + 7 + 3 + -16.
3
What is the value of (-67 - -49 - (-2 - -5)) + 9?
-12
What is 6 - (43 - (25 - -6))?
-6
Evaluate -6 + -5 - 1 - -14.
2
What is the value of 21 + -25 + 48 + -35?
9
What is (24 - (4 + 17)) + (-1 - 1) + -4?
-3
What is the value of (14 + -9 - 3) + 1 + -11?
-8
Evaluate 15 + (-13 - (40 - 17)).
-21
Calculate -4 + 11 + 